{"id":5184,"date":"2024-04-25T19:02:00","date_gmt":"2024-04-25T17:02:00","guid":{"rendered":"https:\/\/www.devils-igb.de\/?page_id=5184"},"modified":"2024-06-13T21:46:05","modified_gmt":"2024-06-13T19:46:05","slug":"35-jahre-devils-hobbyturniere-firmen-und-familienfest-und-vieles-mehr","status":"publish","type":"page","link":"https:\/\/www.devils-igb.de\/?page_id=5184","title":{"rendered":"35 Jahre Devils &#8211; Hobbyturniere, Firmen- und Familienfest und vieles mehr"},"content":{"rendered":"\n<p>Im Jahr 2024 begehen die Devils ihr Jubil\u00e4um. 35 Jahre gibt es bereits Baseball und Softball in St. Ingbert und das soll gefeiert werden. Die Devils sind der \u00e4lteste Baseball-Club im Saarland. <\/p>\n\n\n\n<div class=\"wp-block-media-text is-stacked-on-mobile\" style=\"grid-template-columns:23% auto\"><figure class=\"wp-block-media-text__media\"><img loading=\"lazy\" decoding=\"async\" width=\"1024\" height=\"1024\" src=\"https:\/\/www.devils-igb.de\/wp-content\/uploads\/2024\/04\/Devils_35_Jahre-1-1024x1024.jpg\" alt=\"\" class=\"wp-image-5187 size-full\" srcset=\"https:\/\/www.devils-igb.de\/wp-content\/uploads\/2024\/04\/Devils_35_Jahre-1-1024x1024.jpg 1024w, https:\/\/www.devils-igb.de\/wp-content\/uploads\/2024\/04\/Devils_35_Jahre-1-300x300.jpg 300w, https:\/\/www.devils-igb.de\/wp-content\/uploads\/2024\/04\/Devils_35_Jahre-1-150x150.jpg 150w, https:\/\/www.devils-igb.de\/wp-content\/uploads\/2024\/04\/Devils_35_Jahre-1-768x768.jpg 768w, https:\/\/www.devils-igb.de\/wp-content\/uploads\/2024\/04\/Devils_35_Jahre-1-1536x1536.jpg 1536w, https:\/\/www.devils-igb.de\/wp-content\/uploads\/2024\/04\/Devils_35_Jahre-1-2048x2048.jpg 2048w\" sizes=\"auto, (max-width: 1024px) 100vw, 1024px\" \/><\/figure><div class=\"wp-block-media-text__content\">\n<p>Dazu haben wir mehrere <strong>Aktivit\u00e4ten <\/strong>geplant:<\/p>\n\n\n\n<p><strong>22.06.2024, 13:00-18:00: Gro\u00dfe Jubil\u00e4umsfeier mit <\/strong><br><strong>&#8211;<\/strong> <strong>1st-Pitch-Zeremonie<\/strong>,<br><strong>&#8211; Hobbyturnier f\u00fcr Unternehmen, Vereine und Institutionen und<\/strong><br><strong>&#8211; gro\u00dfem Nachbarschafts- und Familienfest <\/strong>&#8211; mehr Infos unten!<\/p>\n\n\n\n<p><strong>08.06.2024, 13:00-18:00 Uhr: Kinder-Hobbyturnier<\/strong> &#8211; mehr Infos unten!<\/p>\n\n\n\n<p><\/p>\n<\/div><\/div>\n\n\n\n<p><strong>First-Pitch-Zeremonie<\/strong><\/p>\n\n\n\n<p>In den USA ist es \u00fcblich, dass zur Saisoner\u00f6ffnung oder zu wichtigen Spielen Prominente und Politiker*innen ganz offiziell den ersten Ball der Saison oder des Spiels werfen. Das wollen wir zur Feier unseres Jubil\u00e4ums auch machen. Folgende Politiker*innen werden an dem Tag Teil der First-Pitch-Zeremonie sein<\/p>\n\n\n\n<ul class=\"wp-block-list\">\n<li><strong>Anke Rehlinger<\/strong>, Ministerpr\u00e4sidentin des Saarlandes (Zusage)<\/li>\n\n\n\n<li><strong>Reinhold Jost<\/strong>, saarl\u00e4ndischer Minister f\u00fcr Inneres, Bauen und Sport (Zusage)<\/li>\n\n\n\n<li><strong>Theophil Gallo<\/strong>, Landrat des Saarpfalz-Kreises (Zusage)<\/li>\n\n\n\n<li><strong>Ulli Meyer<\/strong>, Oberb\u00fcrgermeister der Stadt St. Ingbert (Zusage)<\/li>\n\n\n\n<li><strong>Esra Limbacher<\/strong>, MdB (Zusage)<\/li>\n\n\n\n<li><strong>Marc Zingraff<\/strong>, Maire de Sarreguemines (B\u00fcrgermeister von Sarreguemines) (Zusage)<\/li>\n<\/ul>\n\n\n\n<p><strong>22.06.2024, 13:00-18:00: Gro\u00dfe Jubil\u00e4umsfeier mit Firmen-Hobbyturnier &#8222;St. Ingbert spielt Baseball&#8220;, 1st-Pitch-Zeremonie und gro\u00dfem Nachbarschaftsfest <\/strong>&#8211; weitere Infos &amp; Anmeldung: kontakt[at]devils-igb.de<\/p>\n\n\n\n<figure class=\"wp-block-image size-large\"><img loading=\"lazy\" decoding=\"async\" width=\"723\" height=\"1024\" src=\"https:\/\/www.devils-igb.de\/wp-content\/uploads\/2024\/05\/Plakat-35_Jahre_Devils-723x1024.jpg\" alt=\"\" class=\"wp-image-5370\" srcset=\"https:\/\/www.devils-igb.de\/wp-content\/uploads\/2024\/05\/Plakat-35_Jahre_Devils-723x1024.jpg 723w, https:\/\/www.devils-igb.de\/wp-content\/uploads\/2024\/05\/Plakat-35_Jahre_Devils-212x300.jpg 212w, https:\/\/www.devils-igb.de\/wp-content\/uploads\/2024\/05\/Plakat-35_Jahre_Devils-768x1087.jpg 768w, https:\/\/www.devils-igb.de\/wp-content\/uploads\/2024\/05\/Plakat-35_Jahre_Devils.jpg 866w\" sizes=\"auto, (max-width: 723px) 100vw, 723px\" \/><\/figure>\n\n\n\n<figure class=\"wp-block-image size-full\"><img loading=\"lazy\" decoding=\"async\" width=\"812\" height=\"604\" src=\"https:\/\/www.devils-igb.de\/wp-content\/uploads\/2024\/04\/2024-06-22-Jubi-Feier.jpg\" alt=\"\" class=\"wp-image-5188\" srcset=\"https:\/\/www.devils-igb.de\/wp-content\/uploads\/2024\/04\/2024-06-22-Jubi-Feier.jpg 812w, https:\/\/www.devils-igb.de\/wp-content\/uploads\/2024\/04\/2024-06-22-Jubi-Feier-300x223.jpg 300w, https:\/\/www.devils-igb.de\/wp-content\/uploads\/2024\/04\/2024-06-22-Jubi-Feier-768x571.jpg 768w\" sizes=\"auto, (max-width: 812px) 100vw, 812px\" \/><\/figure>\n\n\n\n<p><\/p>\n\n\n\n<figure class=\"wp-block-image size-full\"><img loading=\"lazy\" decoding=\"async\" width=\"1280\" height=\"720\" src=\"https:\/\/www.devils-igb.de\/wp-content\/uploads\/2024\/04\/240425_Einladung-Hobbyturnier_mit-Devil.png\" alt=\"\" class=\"wp-image-5289\" srcset=\"https:\/\/www.devils-igb.de\/wp-content\/uploads\/2024\/04\/240425_Einladung-Hobbyturnier_mit-Devil.png 1280w, https:\/\/www.devils-igb.de\/wp-content\/uploads\/2024\/04\/240425_Einladung-Hobbyturnier_mit-Devil-300x169.png 300w, https:\/\/www.devils-igb.de\/wp-content\/uploads\/2024\/04\/240425_Einladung-Hobbyturnier_mit-Devil-1024x576.png 1024w, https:\/\/www.devils-igb.de\/wp-content\/uploads\/2024\/04\/240425_Einladung-Hobbyturnier_mit-Devil-768x432.png 768w\" sizes=\"auto, (max-width: 1280px) 100vw, 1280px\" \/><\/figure>\n\n\n\n<p><\/p>\n\n\n\n<p><strong>08.06.2024, 13:00-18:00 Uhr: Kinder-Hobbyturnier: Mitmachen d\u00fcrfen M\u00e4dchen und Jungen der Jahrg\u00e4nge 2012 bis 2017.<\/strong> Weitere Infos &amp; Anmeldung: mel[at]devils-igb.de<\/p>\n\n\n\n<figure class=\"wp-block-image size-full\"><img loading=\"lazy\" decoding=\"async\" width=\"960\" height=\"720\" src=\"https:\/\/www.devils-igb.de\/wp-content\/uploads\/2024\/04\/Einladung_Kinder-Hobbyturnier.png\" alt=\"\" class=\"wp-image-5201\" srcset=\"https:\/\/www.devils-igb.de\/wp-content\/uploads\/2024\/04\/Einladung_Kinder-Hobbyturnier.png 960w, https:\/\/www.devils-igb.de\/wp-content\/uploads\/2024\/04\/Einladung_Kinder-Hobbyturnier-300x225.png 300w, https:\/\/www.devils-igb.de\/wp-content\/uploads\/2024\/04\/Einladung_Kinder-Hobbyturnier-768x576.png 768w\" sizes=\"auto, (max-width: 960px) 100vw, 960px\" \/><\/figure>\n\n\n\n<figure class=\"wp-block-image size-large\"><img loading=\"lazy\" decoding=\"async\" width=\"724\" height=\"1024\" src=\"https:\/\/www.devils-igb.de\/wp-content\/uploads\/2024\/05\/Kinder-Hobbyturnier-8.6-724x1024.jpg\" alt=\"\" class=\"wp-image-5380\" srcset=\"https:\/\/www.devils-igb.de\/wp-content\/uploads\/2024\/05\/Kinder-Hobbyturnier-8.6-724x1024.jpg 724w, https:\/\/www.devils-igb.de\/wp-content\/uploads\/2024\/05\/Kinder-Hobbyturnier-8.6-212x300.jpg 212w, https:\/\/www.devils-igb.de\/wp-content\/uploads\/2024\/05\/Kinder-Hobbyturnier-8.6-768x1085.jpg 768w, https:\/\/www.devils-igb.de\/wp-content\/uploads\/2024\/05\/Kinder-Hobbyturnier-8.6.jpg 866w\" sizes=\"auto, (max-width: 724px) 100vw, 724px\" \/><\/figure>\n","protected":false},"excerpt":{"rendered":"<p>Im Jahr 2024 begehen die Devils ihr Jubil\u00e4um. 35 Jahre gibt es bereits Baseball und Softball in St. Ingbert und das soll gefeiert werden. Die Devils sind der \u00e4lteste Baseball-Club im Saarland. Dazu haben wir mehrere Aktivit\u00e4ten geplant: 22.06.2024, 13:00-18:00: Gro\u00dfe Jubil\u00e4umsfeier mit &#8211; 1st-Pitch-Zeremonie,&#8211; Hobbyturnier f\u00fcr Unternehmen, Vereine und Institutionen und&#8211; gro\u00dfem Nachbarschafts- und [&hellip;]<\/p>\n","protected":false},"author":3,"featured_media":0,"parent":0,"menu_order":0,"comment_status":"closed","ping_status":"closed","template":"","meta":{"footnotes":""},"class_list":["post-5184","page","type-page","status-publish","hentry"],"_links":{"self":[{"href":"https:\/\/www.devils-igb.de\/index.php?rest_route=\/wp\/v2\/pages\/5184","targetHints":{"allow":["GET"]}}],"collection":[{"href":"https:\/\/www.devils-igb.de\/index.php?rest_route=\/wp\/v2\/pages"}],"about":[{"href":"https:\/\/www.devils-igb.de\/index.php?rest_route=\/wp\/v2\/types\/page"}],"author":[{"embeddable":true,"href":"https:\/\/www.devils-igb.de\/index.php?rest_route=\/wp\/v2\/users\/3"}],"replies":[{"embeddable":true,"href":"https:\/\/www.devils-igb.de\/index.php?rest_route=%2Fwp%2Fv2%2Fcomments&post=5184"}],"version-history":[{"count":16,"href":"https:\/\/www.devils-igb.de\/index.php?rest_route=\/wp\/v2\/pages\/5184\/revisions"}],"predecessor-version":[{"id":5597,"href":"https:\/\/www.devils-igb.de\/index.php?rest_route=\/wp\/v2\/pages\/5184\/revisions\/5597"}],"wp:attachment":[{"href":"https:\/\/www.devils-igb.de\/index.php?rest_route=%2Fwp%2Fv2%2Fmedia&parent=5184"}],"curies":[{"name":"wp","href":"https:\/\/api.w.org\/{rel}","templated":true}]}}